{"id":14859,"date":"2018-07-06T12:46:09","date_gmt":"2018-07-06T12:46:09","guid":{"rendered":"http:\/\/demo.galleria-metropolia.cmsmasters.net\/?page_id=14859"},"modified":"2018-07-06T12:46:09","modified_gmt":"2018-07-06T12:46:09","slug":"privacy-policy","status":"publish","type":"page","link":"http:\/\/memlavallduixo.es\/index.php\/privacy-policy\/","title":{"rendered":"Pol\u00edtica cookies"},"content":{"rendered":"<div id=\"cmsmasters_row_\" class=\"cmsmasters_row cmsmasters_color_scheme_default cmsmasters_row_top_default cmsmasters_row_bot_default cmsmasters_row_boxed\">\n<div class=\"cmsmasters_row_outer_parent\">\n<div class=\"cmsmasters_row_outer\">\n<div class=\"cmsmasters_row_inner\">\n<div class=\"cmsmasters_row_margin\">\n<div id=\"cmsmasters_column_\" class=\"cmsmasters_column one_first\">\n<div class=\"cmsmasters_column_inner\"><div class=\"cmsmasters_text\">\n<h4 class=\"p1\"><strong>POL\u00cdTICA DE COOKIES<\/strong><\/h4>\n<p class=\"p1\"><span class=\"s1\">De conformidad a la legislaci\u00f3n espa\u00f1ola en lo relativo al uso de cookies recogida en el Real Decreto-Ley 13\/2012 de 30 de marzo en el que se transpone la directiva europea \u201ce-Privacity\u201d 2009\/136\/CE le informo que esta web \u201cwww.memlavallduixo.es.es\u201d,\u00a0 utiliza\u00a0<b>archivos cookies para su funcionamiento;<\/b>\u00a0la mayor\u00eda de los cuales son necesarias para el correcto funcionamiento de este Sitio Web. El\u00a0<b>usuario puede no aceptarlas<\/b>\u00a0o\u00a0<b>configurar su navegador para bloquearlas<\/b>\u00a0y, en su caso, eliminarlas.<\/span><\/p>\n<p class=\"p1\"><span class=\"s1\">Una cookie es un fichero que se descarga en su ordenador al acceder a determinadas p\u00e1ginas web. Las cookies permiten a una p\u00e1gina web, entre otras cosas, almacenar y recuperar informaci\u00f3n sobre los h\u00e1bitos de navegaci\u00f3n de un usuario o de su equipo y, dependiendo de la informaci\u00f3n que contengan y de la forma en que utilice su equipo, pueden utilizarse para reconocer al usuario.<\/span><\/p>\n<p class=\"p1\"><span class=\"s1\">La mayor\u00eda de los navegadores aceptan como est\u00e1ndar a las cookies y, con independencia de las mismas, permiten o impiden en los ajustes de seguridad las cookies temporales o memorizadas.<\/span><\/p>\n<p class=\"p1\"><span class=\"s1\">Sin su expreso consentimiento \u2013mediante la activaci\u00f3n de las cookies en su navegador\u2013 <b>ayuntamiento de La Vall d\u00b4Uix\u00f3<\/b>\u00a0no enlazar\u00e1 en las cookies los datos memorizados con sus datos personales proporcionados en el momento del registro o la compra.<\/span><\/p>\n<p class=\"p1\"><span class=\"s1\">El usuario podr\u00e1\u00a0<b>impedir la generaci\u00f3n de Cookies<\/b>, mediante la selecci\u00f3n de la correspondiente\u00a0<b>opci\u00f3n en su programa navegador<\/b>:<\/span><\/p>\n<ul class=\"ul1\">\n<li class=\"li2\"><span class=\"s1\">Navegador Mozilla Firefox pulse\u00a0<a href=\"https:\/\/support.mozilla.org\/es\/kb\/habilitar-y-deshabilitar-cookies-que-los-sitios-we\" target=\"_blank\" rel=\"noopener noreferrer\"><span class=\"s2\">aqu\u00ed<\/span><\/a><\/span><\/li>\n<li class=\"li2\"><span class=\"s1\">Navegador Chrome pulse\u00a0<a href=\"https:\/\/support.google.com\/chrome\/answer\/95647?hl=es\" target=\"_blank\" rel=\"noopener noreferrer\"><span class=\"s2\">aqu\u00ed<\/span><\/a><\/span><\/li>\n<li class=\"li2\"><span class=\"s1\">Navegador Internet Explorer pulse\u00a0<a href=\"http:\/\/windows.microsoft.com\/es-xl\/internet-explorer\/delete-manage-cookies#ie=ie-10\" target=\"_blank\" rel=\"noopener noreferrer\"><span class=\"s2\">aqu\u00ed<\/span><\/a><\/span><\/li>\n<li class=\"li2\"><span class=\"s1\">Navegador Safari pulse\u00a0<a href=\"https:\/\/www.apple.com\/legal\/privacy\/es\/cookies\/\" target=\"_blank\" rel=\"noopener noreferrer\"><span class=\"s2\">aqu\u00ed<\/span><\/a><\/span><\/li>\n<\/ul>\n<p class=\"p1\"><span class=\"s1\"><b>\u00bfQu\u00e9\u00a0tipos de cookies utiliza esta p\u00e1gina web?<\/b><\/span><\/p>\n<ul class=\"ul1\">\n<li class=\"li2\"><b><\/b><span class=\"s1\"><b>Cookies t\u00e9cnicas:<\/b>\u00a0Son aqu\u00e9llas que permiten al usuario la navegaci\u00f3n a trav\u00e9s de una p\u00e1gina web, plataforma o aplicaci\u00f3n y la utilizaci\u00f3n de las diferentes opciones o servicios que en ella existan como, por ejemplo, controlar el tr\u00e1fico y la comunicaci\u00f3n de datos, identificar la sesi\u00f3n, acceder a partes de acceso restringido, recordar los elementos que integran un pedido, realizar el proceso de compra de un pedido, realizar la solicitud de inscripci\u00f3n o participaci\u00f3n en un evento, utilizar elementos de seguridad durante la navegaci\u00f3n, almacenar contenidos para la difusi\u00f3n de videos o sonido o compartir contenidos a trav\u00e9s de redes sociales.<\/span><\/li>\n<\/ul>\n<ul class=\"ul1\">\n<li class=\"li2\"><b><\/b><span class=\"s1\"><b>Cookies de personalizaci\u00f3n:<\/b>\u00a0Son aqu\u00e9llas que permiten al usuario acceder al servicio con algunas caracter\u00edsticas de car\u00e1cter general predefinidas en funci\u00f3n de una serie de criterios en el terminal del usuario como por ejemplo serian el idioma, el tipo de navegador a trav\u00e9s del cual accede al servicio, la configuraci\u00f3n regional desde donde accede al servicio, etc.<\/span><\/li>\n<\/ul>\n<ul class=\"ul1\">\n<li class=\"li2\"><b><\/b><span class=\"s1\"><b>Cookies de an\u00e1lisis:<\/b>\u00a0Son aqu\u00e9llas que bien tratadas por nosotros o por terceros, nos permiten cuantificar el n\u00famero de usuarios y as\u00ed realizar la medici\u00f3n y an\u00e1lisis estad\u00edstico de la utilizaci\u00f3n que hacen los usuarios del servicio ofertado. Para ello se analiza su navegaci\u00f3n en nuestra p\u00e1gina web con el fin de mejorar la oferta de productos o servicios que le ofrecemos.<\/span><\/li>\n<\/ul>\n<ul class=\"ul1\">\n<li class=\"li2\"><b><\/b><span class=\"s1\"><b>Cookies publicitarias:<\/b>\u00a0Son aqu\u00e9llas que, bien tratadas por nosotros o por terceros, nos permiten gestionar de la forma m\u00e1s eficaz posible la oferta de los espacios publicitarios que hay en la p\u00e1gina web, adecuando el contenido del anuncio al contenido del servicio solicitado o al uso que realice de nuestra p\u00e1gina web. Para ello podemos analizar sus h\u00e1bitos de navegaci\u00f3n en Internet y podemos mostrarle publicidad relacionada con su perfil de navegaci\u00f3n.<\/span><\/li>\n<\/ul>\n<ul class=\"ul1\">\n<li class=\"li2\"><b><\/b><span class=\"s1\"><b>Cookies de publicidad comportamental:<\/b>\u00a0Son aqu\u00e9llas que permiten la gesti\u00f3n, de la forma m\u00e1s eficaz posible, de los espacios publicitarios que, en su caso, el editor haya incluido en una p\u00e1gina web, aplicaci\u00f3n o plataforma desde la que presta el servicio solicitado. Estas cookies almacenan informaci\u00f3n del comportamiento de los usuarios obtenida a trav\u00e9s de la observaci\u00f3n continuada de sus h\u00e1bitos de navegaci\u00f3n, lo que permite desarrollar un perfil espec\u00edfico para mostrar publicidad en funci\u00f3n del mismo.<\/span><\/li>\n<\/ul>\n<ul class=\"ul1\">\n<li class=\"li2\"><b><\/b><span class=\"s1\"><b>Cookies de terceros:<\/b>\u00a0La Web de memlavallduixo.es \u00a0puede utilizar servicios de terceros que, por cuenta de memlavallduixo.es, recopilaran informaci\u00f3n con fines estad\u00edsticos, de uso del Site por parte del usuario y para la prestacion de otros servicios relacionados con la actividad del Website y otros servicios de Internet.<\/span><\/li>\n<\/ul>\n<p class=\"p1\"><span class=\"s1\">El Usuario acepta expresamente, por la utilizaci\u00f3n de este Site, el tratamiento de la informaci\u00f3n recabada en la forma y con los fines anteriormente mencionados. Y asimismo reconoce conocer la posibilidad de rechazar el tratamiento de tales datos o informaci\u00f3n rechazando el uso de Cookies mediante la selecci\u00f3n de la configuraci\u00f3n apropiada a tal fin en su navegador. Si bien esta opci\u00f3n de bloqueo de Cookies en su navegador puede no permitirle el uso pleno de todas las funcionalidades del Website.<\/span><\/p>\n<p class=\"p1\"><span class=\"s1\">Si tiene dudas sobre esta pol\u00edtica de cookies, puede contactar \u00a0en turisme@lavallduixo.es<\/span><\/p>\n<\/div>\n<\/div><\/div>\n<\/div>\n<\/div>\n<\/div>\n<\/div>\n<\/div>\n\n","protected":false},"excerpt":{"rendered":"","protected":false},"author":1,"featured_media":0,"parent":0,"menu_order":0,"comment_status":"closed","ping_status":"closed","template":"","meta":[],"_links":{"self":[{"href":"http:\/\/memlavallduixo.es\/index.php\/wp-json\/wp\/v2\/pages\/14859"}],"collection":[{"href":"http:\/\/memlavallduixo.es\/index.php\/wp-json\/wp\/v2\/pages"}],"about":[{"href":"http:\/\/memlavallduixo.es\/index.php\/wp-json\/wp\/v2\/types\/page"}],"author":[{"embeddable":true,"href":"http:\/\/memlavallduixo.es\/index.php\/wp-json\/wp\/v2\/users\/1"}],"replies":[{"embeddable":true,"href":"http:\/\/memlavallduixo.es\/index.php\/wp-json\/wp\/v2\/comments?post=14859"}],"version-history":[{"count":0,"href":"http:\/\/memlavallduixo.es\/index.php\/wp-json\/wp\/v2\/pages\/14859\/revisions"}],"wp:attachment":[{"href":"http:\/\/memlavallduixo.es\/index.php\/wp-json\/wp\/v2\/media?parent=14859"}],"curies":[{"name":"wp","href":"https:\/\/api.w.org\/{rel}","templated":true}]}}